{"id":28,"date":"2026-03-02T11:31:23","date_gmt":"2026-03-02T11:31:23","guid":{"rendered":"https:\/\/jebkory.online\/?page_id=28"},"modified":"2026-03-13T11:52:28","modified_gmt":"2026-03-13T11:52:28","slug":"kontakt-termine","status":"publish","type":"page","link":"https:\/\/jebkory.online\/?page_id=28","title":{"rendered":"Kontakt &amp; Termine"},"content":{"rendered":"\n<p>Sie haben ein Problem mit Ihrem Fahrzeug oder ben\u00f6tigen eine fachkundige Inspektion in Riedstadt. Mein Name ist Mario Barac und ich stehe Ihnen mit meinem Service jebkory gerne zur Seite. Wir legen gro\u00dfen Wert auf eine ehrliche Beratung und eine z\u00fcgige Abwicklung Ihrer Reparaturw\u00fcnsche.<\/p>\n\n\n\n<p><strong>So erreichen Sie Ihren Autoservice in Riedstadt<\/strong><\/p>\n\n\n\n<p>Anschrift: Wiesenweg 4, 64560 Riedstadt, Deutschland <\/p>\n\n\n\n<p>Elektronische Post: mail@jebkory.online <\/p>\n\n\n\n<p>Verantwortlicher Meister: Mario Barac <\/p>\n\n\n\n<p>Webadresse: <a href=\"https:\/\/www.google.com\/search?q=https:\/\/jebkory.online\" target=\"_blank\" rel=\"noreferrer noopener\">https:\/\/jebkory.online<\/a><\/p>\n\n\n\n<p>TELEFON: +49-152-541-46-128<\/p>\n\n\n\n<p>Wir bearbeiten alle Anfragen werktags innerhalb von vierundzwanzig Stunden. Da wir oft direkt in der Werkstatt am Fahrzeug arbeiten, ist die schriftliche Kontaktaufnahme per E.Mail der sicherste Weg f\u00fcr eine erste Terminabsprache. Bitte geben Sie bei technischen Anfragen auch das Modell und das Baujahr Ihres Fahrzeugs an, damit wir Sie optimal beraten k\u00f6nnen. Wir freuen uns darauf, Ihr Auto in Riedstadt wieder sicher auf die Stra\u00dfe zu bringen.<\/p>\n","protected":false},"excerpt":{"rendered":"<p>Sie haben ein Problem mit Ihrem Fahrzeug oder ben\u00f6tigen eine fachkundige Inspektion in Riedstadt. Mein Name ist Mario Barac und ich stehe Ihnen mit meinem Service jebkory gerne zur Seite. Wir legen gro\u00dfen Wert auf eine ehrliche Beratung und eine z\u00fcgige Abwicklung Ihrer Reparaturw\u00fcnsche. So erreichen Sie Ihren Autoservice in Riedstadt Anschrift: Wiesenweg 4, 64560 [&hellip;]<\/p>\n","protected":false},"author":1,"featured_media":0,"parent":0,"menu_order":7,"comment_status":"closed","ping_status":"closed","template":"","meta":{"footnotes":""},"class_list":["post-28","page","type-page","status-publish","hentry"],"_links":{"self":[{"href":"https:\/\/jebkory.online\/index.php?rest_route=\/wp\/v2\/pages\/28","targetHints":{"allow":["GET"]}}],"collection":[{"href":"https:\/\/jebkory.online\/index.php?rest_route=\/wp\/v2\/pages"}],"about":[{"href":"https:\/\/jebkory.online\/index.php?rest_route=\/wp\/v2\/types\/page"}],"author":[{"embeddable":true,"href":"https:\/\/jebkory.online\/index.php?rest_route=\/wp\/v2\/users\/1"}],"replies":[{"embeddable":true,"href":"https:\/\/jebkory.online\/index.php?rest_route=%2Fwp%2Fv2%2Fcomments&post=28"}],"version-history":[{"count":2,"href":"https:\/\/jebkory.online\/index.php?rest_route=\/wp\/v2\/pages\/28\/revisions"}],"predecessor-version":[{"id":68,"href":"https:\/\/jebkory.online\/index.php?rest_route=\/wp\/v2\/pages\/28\/revisions\/68"}],"wp:attachment":[{"href":"https:\/\/jebkory.online\/index.php?rest_route=%2Fwp%2Fv2%2Fmedia&parent=28"}],"curies":[{"name":"wp","href":"https:\/\/api.w.org\/{rel}","templated":true}]}}